{"id":17,"date":"2018-11-26T23:03:07","date_gmt":"2018-11-26T22:03:07","guid":{"rendered":"http:\/\/apel-saint-michel-des-batignolles.com\/?page_id=17"},"modified":"2025-10-29T20:50:41","modified_gmt":"2025-10-29T19:50:41","slug":"a-propos-de","status":"publish","type":"page","link":"https:\/\/apel-saint-michel-des-batignolles.com\/index.php\/a-propos-de\/","title":{"rendered":"\u00c0 propos de"},"content":{"rendered":"\n<p class=\"has-medium-font-size\"><strong>L&rsquo;APEL est l&rsquo;Association des Parents d&rsquo;\u00e9l\u00e8ves de l&rsquo;Enseignement Libre.<\/strong><br><strong>\u00ab\u00a0Les parents sont les premiers et ultimes \u00e9ducateurs de leurs enfants\u00a0\u00bb<\/strong><br>Nos principes d\u2019actions : une attitude constructive, respectueuse de l\u2019autre, dans le droit fil des valeurs fondamentales de l\u2019Enseignement catholique. \u00c0 l\u2019\u00e9coute de toutes les attentes des parents et des enfants, le mouvement des APEL encourage les parents \u00e0 s\u2019engager. Il soutient et accompagne ceux qui s\u2019impliquent dans tous les domaines de la vie de l\u2019\u00e9tablissement, y compris celui de la pastorale scolaire. <\/p>\n\n\n\n<p class=\"has-medium-font-size\">Interlocuteurs reconnus des chefs d\u2019\u00e9tablissement : nous faisons partie de la communaut\u00e9 \u00e9ducative \u00e0 part enti\u00e8re. Nous veillons au respect du projet \u00e9ducatif \u00e0 l\u2019\u00e9laboration duquel nous participons, ou que nousavons approuv\u00e9 librement lors du choix de l\u2019\u00e9cole de nos enfants. Nous voulons jouer tout notre r\u00f4le dans la r\u00e9flexion et l\u2019action \u00e9ducative mises en place au sein de l\u2019\u00e9tablissement.<br>Les APEL sont ouvertes \u00e0 tous les parents d\u2019\u00e9l\u00e8ves de l\u2019Enseignement catholique, quelles que soient leurs convictions politiques ou religieuses.<br><\/p>\n\n\n\n<p class=\"has-medium-font-size\"><strong>APEL SAINT-MICHEL DES BATIGNOLLES<\/strong><br>Une \u00e9quipe de parents b\u00e9n\u00e9voles qui \u0153uvre \u00e0 cr\u00e9er des liens,<br>\u00e0 repr\u00e9senter les parents dans les diff\u00e9rentes instances, \u00e0 les aider et \u00e0 les informer.<br>Quelles actions au sein de l\u2019\u00e9tablissement ?<\/p>\n\n\n\n<ul>\n<li><strong>Des contributions financi\u00e8res :<\/strong> nous participons au financement de projets \u00e9ducatifs ou culturels et d\u2019investissements mat\u00e9riels am\u00e9liorant le cadre scolaire de nos enfants ; nous apportons \u00e9galement un soutien aux familles qui rencontrent des difficult\u00e9s passag\u00e8res, par exemple pour les aider \u00e0 financer les voyages scolaires.<\/li>\n\n\n\n<li><strong>Des manifestations tout au long de l&rsquo;ann\u00e9e :<\/strong> conf\u00e9rences pour les parents, forum des m\u00e9tiers pour les 4\u00e8me et 3\u00e8me, soir\u00e9e des coll\u00e9giens, ap\u00e9ros pour les parents, manifestations autour de l\u2019\u00e9cologie\u2026<\/li>\n\n\n\n<li><strong>Un site internet <\/strong>r\u00e9guli\u00e8rement enrichi d\u2019informations<\/li>\n\n\n\n<li><strong>La formation et l\u2019encadrement<\/strong> des Parents Correspondants de chaque classe<br>La cotisation annuelle, fix\u00e9e \u00e0 26 euros, vous permet \u00e9galement de recevoir le magazine de l&rsquo;association<br>\u00ab\u00a0Famille et \u00c9ducation\u00a0\u00bb, un bimestriel qui propose des articles int\u00e9ressants et vari\u00e9s concernant l&rsquo;\u00e9ducation de vos enfants.<\/li>\n<\/ul>\n","protected":false},"excerpt":{"rendered":"<p>L&rsquo;APEL est l&rsquo;Association des Parents d&rsquo;\u00e9l\u00e8ves de l&rsquo;Enseignement Libre.\u00ab\u00a0Les parents sont les premiers et ultimes \u00e9ducateurs de leurs enfants\u00a0\u00bbNos principes<\/p>\n","protected":false},"author":1,"featured_media":762,"parent":0,"menu_order":0,"comment_status":"closed","ping_status":"closed","template":"","meta":{"footnotes":""},"_links":{"self":[{"href":"https:\/\/apel-saint-michel-des-batignolles.com\/index.php\/wp-json\/wp\/v2\/pages\/17"}],"collection":[{"href":"https:\/\/apel-saint-michel-des-batignolles.com\/index.php\/wp-json\/wp\/v2\/pages"}],"about":[{"href":"https:\/\/apel-saint-michel-des-batignolles.com\/index.php\/wp-json\/wp\/v2\/types\/page"}],"author":[{"embeddable":true,"href":"https:\/\/apel-saint-michel-des-batignolles.com\/index.php\/wp-json\/wp\/v2\/users\/1"}],"replies":[{"embeddable":true,"href":"https:\/\/apel-saint-michel-des-batignolles.com\/index.php\/wp-json\/wp\/v2\/comments?post=17"}],"version-history":[{"count":5,"href":"https:\/\/apel-saint-michel-des-batignolles.com\/index.php\/wp-json\/wp\/v2\/pages\/17\/revisions"}],"predecessor-version":[{"id":765,"href":"https:\/\/apel-saint-michel-des-batignolles.com\/index.php\/wp-json\/wp\/v2\/pages\/17\/revisions\/765"}],"wp:featuredmedia":[{"embeddable":true,"href":"https:\/\/apel-saint-michel-des-batignolles.com\/index.php\/wp-json\/wp\/v2\/media\/762"}],"wp:attachment":[{"href":"https:\/\/apel-saint-michel-des-batignolles.com\/index.php\/wp-json\/wp\/v2\/media?parent=17"}],"curies":[{"name":"wp","href":"https:\/\/api.w.org\/{rel}","templated":true}]}}